{"id":1020,"date":"2025-11-17T16:43:10","date_gmt":"2025-11-17T16:43:10","guid":{"rendered":"https:\/\/www.oscarperezasesor.com\/?page_id=1020"},"modified":"2026-02-11T17:45:56","modified_gmt":"2026-02-11T17:45:56","slug":"servicios-inmobiliarios","status":"publish","type":"page","link":"https:\/\/www.oscarperezasesor.com\/index.php\/servicios-inmobiliarios\/","title":{"rendered":"Inmobiliario"},"content":{"rendered":"\t\t<div data-elementor-type=\"wp-page\" data-elementor-id=\"1020\" class=\"elementor elementor-1020\" data-elementor-settings=\"[]\">\n\t\t\t\t\t\t<div class=\"elementor-inner\">\n\t\t\t\t\t\t\t<div class=\"elementor-section-wrap\">\n\t\t\t\t\t\t\t<section class=\"elementor-section elementor-top-section elementor-element elementor-element-09cf2f1 elementor-section-boxed elementor-section-height-default elementor-section-height-default\" data-id=\"09cf2f1\" data-element_type=\"section\">\n\t\t\t\t\t\t<div class=\"elementor-container elementor-column-gap-default\">\n\t\t\t\t\t\t\t<div class=\"elementor-row\">\n\t\t\t\t\t<div class=\"elementor-column elementor-col-100 elementor-top-column elementor-element elementor-element-7f7732f\" data-id=\"7f7732f\" data-element_type=\"column\">\n\t\t\t<div class=\"elementor-column-wrap elementor-element-populated\">\n\t\t\t\t\t\t\t<div class=\"elementor-widget-wrap\">\n\t\t\t\t\t\t<div class=\"elementor-element elementor-element-a55de2a elementor-widget elementor-widget-image\" data-id=\"a55de2a\" data-element_type=\"widget\" data-widget_type=\"image.default\">\n\t\t\t\t<div class=\"elementor-widget-container\">\n\t\t\t\t\t<div class=\"elementor-image\">\n\t\t\t\t\t\t\t\t\t\t<img width=\"580\" height=\"387\" src=\"https:\/\/www.oscarperezasesor.com\/wp-content\/uploads\/2025\/11\/1117977555w2.jpg\" class=\"attachment-large size-large\" alt=\"\" loading=\"lazy\" srcset=\"https:\/\/www.oscarperezasesor.com\/wp-content\/uploads\/2025\/11\/1117977555w2.jpg 640w, https:\/\/www.oscarperezasesor.com\/wp-content\/uploads\/2025\/11\/1117977555w2-300x200.jpg 300w\" sizes=\"(max-width: 580px) 100vw, 580px\" \/>\t\t\t\t\t\t\t\t\t\t\t<\/div>\n\t\t\t\t<\/div>\n\t\t\t\t<\/div>\n\t\t\t\t\t\t<\/div>\n\t\t\t\t\t<\/div>\n\t\t<\/div>\n\t\t\t\t\t\t\t\t<\/div>\n\t\t\t\t\t<\/div>\n\t\t<\/section>\n\t\t\t\t<section class=\"elementor-section elementor-top-section elementor-element elementor-element-ba07f2a elementor-section-boxed elementor-section-height-default elementor-section-height-default\" data-id=\"ba07f2a\" data-element_type=\"section\">\n\t\t\t\t\t\t<div class=\"elementor-container elementor-column-gap-default\">\n\t\t\t\t\t\t\t<div class=\"elementor-row\">\n\t\t\t\t\t<div class=\"elementor-column elementor-col-100 elementor-top-column elementor-element elementor-element-8f2b663\" data-id=\"8f2b663\" data-element_type=\"column\">\n\t\t\t<div class=\"elementor-column-wrap elementor-element-populated\">\n\t\t\t\t\t\t\t<div class=\"elementor-widget-wrap\">\n\t\t\t\t\t\t<div class=\"elementor-element elementor-element-a5ca028 elementor-widget elementor-widget-heading\" data-id=\"a5ca028\" data-element_type=\"widget\" data-widget_type=\"heading.default\">\n\t\t\t\t<div class=\"elementor-widget-container\">\n\t\t\t<h2 class=\"elementor-heading-title elementor-size-default\">Servicios Inmobiliarios<\/h2>\t\t<\/div>\n\t\t\t\t<\/div>\n\t\t\t\t<div class=\"elementor-element elementor-element-cddfe12 elementor-widget elementor-widget-text-editor\" data-id=\"cddfe12\" data-element_type=\"widget\" data-widget_type=\"text-editor.default\">\n\t\t\t\t<div class=\"elementor-widget-container\">\n\t\t\t\t\t<div class=\"elementor-text-editor elementor-clearfix\"><p>Te acompa\u00f1o en todo el proceso de venta de tu propiedad, desde la preparaci\u00f3n inicial hasta las obligaciones fiscales posteriores. Mi objetivo es que vendas con tranquilidad, seguridad y con el mejor resultado posible.<\/p><\/div>\n\t\t\t\t<\/div>\n\t\t\t\t<\/div>\n\t\t\t\t<div class=\"elementor-element elementor-element-57664eb elementor-widget elementor-widget-text-editor\" data-id=\"57664eb\" data-element_type=\"widget\" data-widget_type=\"text-editor.default\">\n\t\t\t\t<div class=\"elementor-widget-container\">\n\t\t\t\t\t<div class=\"elementor-text-editor elementor-clearfix\"><h3 data-start=\"540\" data-end=\"567\"><strong data-start=\"544\" data-end=\"565\">ANTES DE LA VENTA<\/strong><\/h3><p data-start=\"568\" data-end=\"633\">Preparaci\u00f3n estrat\u00e9gica para maximizar el valor de tu propiedad<\/p><ul data-start=\"634\" data-end=\"893\"><li data-start=\"634\" data-end=\"703\"><p data-start=\"636\" data-end=\"703\">Valoraci\u00f3n de la propiedad y <strong data-start=\"665\" data-end=\"700\">an\u00e1lisis comparativo de mercado<\/strong>.<\/p><\/li><li data-start=\"704\" data-end=\"777\"><p data-start=\"706\" data-end=\"777\">Determinaci\u00f3n del <strong data-start=\"724\" data-end=\"743\">precio adecuado<\/strong> y puesta en valor del inmueble.<\/p><\/li><li data-start=\"778\" data-end=\"893\"><p data-start=\"780\" data-end=\"893\"><strong data-start=\"780\" data-end=\"804\">Difusi\u00f3n profesional<\/strong> en m\u00e1s de <strong data-start=\"815\" data-end=\"860\">150 portales nacionales e internacionales<\/strong> para maximizar la visibilidad.<\/p><\/li><\/ul><h3 data-start=\"900\" data-end=\"930\"><strong data-start=\"904\" data-end=\"928\">DURANTE LA OPERACI\u00d3N<\/strong><\/h3><p data-start=\"931\" data-end=\"968\">Gesti\u00f3n integral de todo el proceso<\/p><ul data-start=\"969\" data-end=\"1404\"><li data-start=\"969\" data-end=\"1102\"><p data-start=\"971\" data-end=\"1102\">Gesti\u00f3n de todos los <strong data-start=\"992\" data-end=\"1027\">aspectos legales y burocr\u00e1ticos<\/strong> de la documentaci\u00f3n a firmar (contratos, autorizaciones, certificados\u2026).<\/p><\/li><li data-start=\"1103\" data-end=\"1155\"><p data-start=\"1105\" data-end=\"1155\"><strong data-start=\"1105\" data-end=\"1133\">Selecci\u00f3n de compradores<\/strong> reales y solventes.<\/p><\/li><li data-start=\"1156\" data-end=\"1203\"><p data-start=\"1158\" data-end=\"1203\">Organizaci\u00f3n y coordinaci\u00f3n de <strong data-start=\"1189\" data-end=\"1200\">visitas<\/strong>.<\/p><\/li><li data-start=\"1204\" data-end=\"1270\"><p data-start=\"1206\" data-end=\"1270\">Acompa\u00f1amiento al comprador en su <strong data-start=\"1240\" data-end=\"1267\">proceso de financiaci\u00f3n<\/strong>.<\/p><\/li><li data-start=\"1271\" data-end=\"1345\"><p data-start=\"1273\" data-end=\"1345\">Asesoramiento sobre las <strong data-start=\"1297\" data-end=\"1329\">certificaciones obligatorias<\/strong> del inmueble.<\/p><\/li><li data-start=\"1346\" data-end=\"1404\"><p data-start=\"1348\" data-end=\"1404\"><strong data-start=\"1348\" data-end=\"1401\">Acompa\u00f1amiento completo hasta la firma en notar\u00eda<\/strong>.<\/p><\/li><\/ul><h3 data-start=\"1411\" data-end=\"1440\"><strong data-start=\"1415\" data-end=\"1438\">DESPU\u00c9S DE LA VENTA<\/strong><\/h3><p data-start=\"1441\" data-end=\"1472\">Cumplimiento fiscal posterior<\/p><ul data-start=\"1473\" data-end=\"1600\"><li data-start=\"1473\" data-end=\"1600\"><p data-start=\"1475\" data-end=\"1600\"><strong data-start=\"1475\" data-end=\"1521\">Presentaci\u00f3n de la declaraci\u00f3n de la renta<\/strong> o del <strong data-start=\"1528\" data-end=\"1557\">Impuesto sobre Sociedades<\/strong> correspondiente a la operaci\u00f3n de venta.<\/p><\/li><\/ul><\/div>\n\t\t\t\t<\/div>\n\t\t\t\t<\/div>\n\t\t\t\t\t\t<\/div>\n\t\t\t\t\t<\/div>\n\t\t<\/div>\n\t\t\t\t\t\t\t\t<\/div>\n\t\t\t\t\t<\/div>\n\t\t<\/section>\n\t\t\t\t\t\t<\/div>\n\t\t\t\t\t\t<\/div>\n\t\t\t\t\t<\/div>\n\t\t","protected":false},"excerpt":{"rendered":"<p>Servicios Inmobiliarios Te acompa\u00f1o en todo el proceso de venta de tu propiedad, desde la preparaci\u00f3n inicial hasta las obligaciones fiscales posteriores. Mi objetivo es que vendas con tranquilidad, seguridad y con el mejor resultado posible. ANTES DE LA VENTA Preparaci\u00f3n estrat\u00e9gica para maximizar el valor de tu propiedad Valoraci\u00f3n de la propiedad y an\u00e1lisis [&hellip;]<\/p>\n","protected":false},"author":1,"featured_media":0,"parent":0,"menu_order":0,"comment_status":"closed","ping_status":"closed","template":"","meta":[],"_links":{"self":[{"href":"https:\/\/www.oscarperezasesor.com\/index.php\/wp-json\/wp\/v2\/pages\/1020"}],"collection":[{"href":"https:\/\/www.oscarperezasesor.com\/index.php\/wp-json\/wp\/v2\/pages"}],"about":[{"href":"https:\/\/www.oscarperezasesor.com\/index.php\/wp-json\/wp\/v2\/types\/page"}],"author":[{"embeddable":true,"href":"https:\/\/www.oscarperezasesor.com\/index.php\/wp-json\/wp\/v2\/users\/1"}],"replies":[{"embeddable":true,"href":"https:\/\/www.oscarperezasesor.com\/index.php\/wp-json\/wp\/v2\/comments?post=1020"}],"version-history":[{"count":24,"href":"https:\/\/www.oscarperezasesor.com\/index.php\/wp-json\/wp\/v2\/pages\/1020\/revisions"}],"predecessor-version":[{"id":1053,"href":"https:\/\/www.oscarperezasesor.com\/index.php\/wp-json\/wp\/v2\/pages\/1020\/revisions\/1053"}],"wp:attachment":[{"href":"https:\/\/www.oscarperezasesor.com\/index.php\/wp-json\/wp\/v2\/media?parent=1020"}],"curies":[{"name":"wp","href":"https:\/\/api.w.org\/{rel}","templated":true}]}}